14
Let j be (4 + -2)*(-6 - -3). Let p be j/8*-1*4. Suppose i - 9 = -2*o, 5*i = -0*o - p*o + 66. Calculate the highest common factor of i and 15.
15
Let f be 2 - (3 + (-5 - -2)). Let o be (0 - 34*-1) + f. Calculate the highest common factor of o and 288.
36
Let b(z) = -z**2 - 9*z - 8. Let l be b(-7). Let k(r) = 3*r + 3. Let g be k(l). What is the greatest common divisor of g and 7?
7
Suppose 2571 = 3*l + a - 1608, 5*a = -3*l + 4167. Let t = 800 - l. Let y be t/(-15)*(-30)/(-9). What is the highest common divisor of 12 and y?
12
Let b(j) = 11*j**2 - 2. Let n be b(1). Calculate the greatest common factor of n and 9.
9
Let h be 2/(1*(-6)/3). Let b = h - -5. Suppose 0 = -3*j + 5*u + 225, 0*u = b*j + u - 277. Calculate the greatest common factor of j and 28.
14
Let c(f) = 4*f**3 + f**2 - 3*f. Let x be c(3). Let b = x - 66. Let m(j) = j**2 - 4*j + 2. Let v be m(6). Calculate the highest common divisor of v and b.
14
Let u be (-1)/(-2) + 75/10. Suppose -2*a - 23 = -5*q, -3*q - a - 7 = 3*a. Suppose -q*b - b = -32. Calculate the highest common divisor of u and b.
8
Suppose -3*g + 23 = -19. Let m be (-2)/4*2*-8. Let u = g - m. Calculate the highest common divisor of 24 and u.
6
Let l(q) = q**2 - 9*q + 4. Let x be l(9). Let z be (x + (-68)/12)*-6. What is the greatest common factor of z and 50?
10
Let t(d) = -d**2 + 8*d - 3. Let j be t(6). Calculate the greatest common factor of j and 63.
9
Suppose 8*u + 44 = 9*u. Let n = -14 - -25. What is the highest common divisor of n and u?
11
Suppose 5*l - 2*o - 70 = 3*o, -5*l - 2*o + 91 = 0. Let b = l - -1. Calculate the highest common factor of b and 54.
18
Let z = -64 + 76. Calculate the highest common factor of 84 and z.
12
Suppose 33 = 4*i - 5*d, -5*i + 3 = -3*d - 48. Calculate the greatest common divisor of i and 12.
12
Let w be 1/((-1)/3) + 4. Calculate the greatest common divisor of w and 11.
1
Suppose 5*f = 4*p - 55, -4*p = p + 3*f - 41. Suppose 2*g = 7*t - 3*t - 316, 0 = 5*t + 4*g - 408. What is the highest common divisor of p and t?
10
Let u be 0/(-2*1/1). Let r(v) = -v**3 + v**2 + 21. Let b be r(u). Let d = 7 - 0. What is the highest common divisor of b and d?
7
Let w = -19 + 28. Let x = -4 + w. What is the greatest common divisor of x and 1?
1
Suppose x + 4*x + 25 = 0. Let p = x - -16. Let h = p + -7. Calculate the greatest common divisor of h and 12.
4
Let f(g) = -g + 7. Let q be f(5). Suppose q*b = -2*b + 8. Calculate the highest common divisor of b and 2.
2
Let z be 110/6 - 2/6. Suppose l + l - 4*u = 34, -2*u + 64 = 2*l. What is the greatest common divisor of l and z?
9
Let h be (-214)/(-10) + (-2)/5. Suppose 3*y - 93 = -3*f, 0*y = f - y - h. What is the highest common divisor of f and 13?
13
Let t(w) = w + 28. Let y be t(-23). What is the highest common factor of 25 and y?
5
Suppose -1 + 0 = -j. Let g = j - -1. Calculate the highest common divisor of g and 6.
2
Let p(l) = -8*l + 1. Let y = 15 + -11. Suppose -3*w = -y*w - 1. Let z be p(w). What is the highest common factor of 45 and z?
9
Let a(k) = -k**3 - 4*k**2 + 5*k + 6. Let b be a(-6). Calculate the highest common factor of b and 32.
16
Let i(a) = -a**3 - a**2 + 2. Let p be i(-4). Suppose -5*z = 2*c - p, 2*c - 5*z + 40 = 130. Let m = c + -5. What is the highest common divisor of 75 and m?
15
Suppose t - 6*t = -20. What is the highest common divisor of 10 and t?
2
Suppose -l + 8 + 7 = 0. Let y(m) = -26*m + 5. Let u be y(-5). Calculate the greatest common divisor of u and l.
15
Suppose 5*a - 3*a - 4 = 0. What is the greatest common divisor of 8 and a?
2
Let u = 26 - 16. Suppose d = 11 + u. Calculate the highest common factor of d and 21.
21
Let n(r) = 23*r - 7. Let m(x) = -x + 1. Let f be m(3). Let b be -8*1/f + 1. Let d be n(b). Calculate the greatest common divisor of 12 and d.
12
Let r(x) = -13*x - 23. Let f be r(-5). What is the greatest common factor of f and 6?
6
Let r(j) = -5*j - 10. Let i(f) = f + 1. Let w(b) = 6*i(b) + r(b). Let q be w(6). Suppose q*t - 2 = 8. What is the greatest common factor of 1 and t?
1
Suppose 2*x + 2 = 18. Let i = x - -6. Suppose -5*q = -74 - 136. What is the greatest common factor of q and i?
14
Let j be (6/(-4))/((-1)/78). Let k = j - 69. What is the greatest common factor of k and 24?
24
Suppose 0 = 4*w - 3*f - 92, -2*w - 5*f = -14 - 6. Calculate the greatest common factor of w and 30.
10
Let v be (-2)/11 - 204/(-33). Suppose -4*a + v*a = 4. Suppose 12 - 42 = -a*b. Calculate the greatest common factor of 6 and b.
3
Let v = 19 + -19. Let o be 3/3 + v + 12. Suppose 4*r + 2*s = 115 - 5, -2*s = -6. What is the greatest common factor of o and r?
13
Let c be ((-9)/(-6))/(3/6). What is the greatest common factor of 21 and c?
3
Let s(l) = l. Let r(k) = 3. Let x(b) = -r(b) - 4*s(b). Let u be x(-6). Calculate the highest common divisor of 7 and u.
7
Let l be 58 + 0 + -1 + -1. Let w = 0 + 8. What is the highest common divisor of l and w?
8
Let g be 2/(-9) + (-130)/(-18). Let c(w) = -w**2 + 7*w + 10. Let h be c(g). What is the highest common factor of h and 80?
10
Let l(g) = -2*g**2 - 2*g**3 + 5*g - 8 + g**3 - 3*g**2. Let v be l(-6). Let i be v + (2 - 2 - -10). What is the greatest common factor of i and 88?
8
Let b = 2 + -2. Suppose 6*t - t - 20 = b. What is the highest common divisor of 2 and t?
2
Suppose 4*p + 542 = -270. Let s be p/(-7) - (-1 - -4). Calculate the highest common divisor of 208 and s.
26
Suppose 8 = -h + 2*m, 0 = 4*h - 0*m + 3*m - 23. Calculate the greatest common factor of h and 18.
2
Let b be (45 + 7)*(-6)/(-8). Calculate the greatest common divisor of b and 26.
13
Let u(h) = -h**3 + 5*h**2 - 3*h + 2. Let s be -5*((-8)/(-5) - 2). Let m be u(s). Calculate the greatest common factor of 88 and m.
8
Let b = 90 - 42. What is the greatest common factor of b and 12?
12
Suppose -12*w = -8*w - 468. What is the highest common divisor of w and 39?
39
Suppose 5*b - 11 = 2*b - f, 19 = -3*b + 5*f. Suppose 16 - 46 = -5*a. Let r = a - b. Calculate the highest common divisor of 12 and r.
4
Let g(v) = v**2 + 2*v - 8. Let r be g(-6). Let z(n) = 13*n**2 + 7*n + 2. Let q be z(-2). Calculate the highest common divisor of r and q.
8
Suppose 32 = -2*p - 2*p. Let c = 29 + p. Let q be 42*(-1 - 5/(-2)). What is the highest common factor of q and c?
21
Let k(q) = -q**2 - 6*q + 32. Let f be k(-9). What is the highest common divisor of f and 1?
1
Let i(j) = 15*j**2 + 5*j + 2. Let s be i(-6). Suppose 4*d - s = -0*d. What is the highest common factor of 16 and d?
16
Let u be (16/40)/1*(24 + 1). Suppose -3*s + 8 = l, -5*s + 4*l - 20 = -l. Calculate the greatest common factor of u and s.
1
Suppose -36 + 0 = -2*w. Let u = w - 10. Let n be (-16)/(-6)*(0 + 12). What is the greatest common factor of n and u?
8
Let v be ((-1)/2)/((-860)/(-144) - 6). Calculate the greatest common divisor of v and 36.
18
Let b = 39 + -21. Let s be 6/27 - (-32)/b. Suppose -s*m = -4*m + 90. Calculate the greatest common divisor of 30 and m.
15
Let b be (-2660)/(-110) + (-2)/11. What is the greatest common divisor of b and 192?
24
Let k be (-13554)/(-135) + (-2)/5. What is the highest common factor of 20 and k?
20
Let d be (-3 - 0 - -2)/((-2)/66). Calculate the highest common divisor of 11 and d.
11
Suppose l - 2*o - 3*o = 125, -5*o = 5*l - 505. What is the highest common factor of 42 and l?
21
Suppose -9 = 3*g - 3*f, -g + 0*f + 6 = 2*f. Let d = g + 2. Let u be (-1*d)/(4/(-8)). Calculate the highest common factor of 20 and u.
4
Let m(k) = -k**3 + 21*k**2 - 20*k + 10. Let h be m(20). Calculate the greatest common factor of h and 2.
2
Suppose -4*v + 33 + 199 = 0. Calculate the greatest common factor of v and 145.
29
Let y(l) = l**3 + l**2 + 4*l - 7. Let m be y(3). Calculate the greatest common factor of 451 and m.
41
Let i(s) = s - 4. Let x be i(6). Suppose 3*r + 4*q = 2*r + 32, -14 = -r + x*q. What is the highest common divisor of r and 10?
10
Let w be (1*-2 - -3)/((-5)/(-20)). Calculate the greatest common factor of w and 76.
4
Let g(j) = -j**3 + 27*j**2 - 17*j - 24. Let q be g(26). What is the greatest common divisor of 84 and q?
42
Let t(m) = m**3 - 5*m**2 - 7*m + 3. Let c be t(7). Suppose 5*i - c + 327 = 0. Let k = i + 88. Calculate the highest common divisor of 3 and k.
3
Suppose 2681 = 3*w - 0*u - 5*u, 4*u + 1786 = 2*w. Let r be 2/(-9) - w/(-27). Calcula